 12, -2*o + 4*a = 18. Let k be 99/6 - o/(-6). Suppose -2*h - 106 = -3*m + 53, 5*h = -k. List the prime factors of m.
3, 17
Suppose -305520 = 202*q - 212*q. List the prime factors of q.
2, 3, 19, 67
Let l(f) = -f**2 + 6*f - 6. Let r be l(5). Let s be r/1 - (-3 - 1). Let o = s + 1. What are the prime factors of o?
2
Let p(z) = 1040*z**3 + z**2 + z - 4. List the prime factors of p(2).
2, 3, 19, 73
Let f(i) = -156*i - 158. Let c be f(-1). Let k be ((-2)/3)/((-4)/564). List the prime factors of -4 + (c - k/(-2)).
41
Suppose 5*v - 7*d = -2*d + 5880, -3*v = 3*d - 3510. Suppose -920 = -3*c - z, 5*c + 3*z - v = 355. What are the prime factors of c?
2, 7, 11
What are the prime factors of 126/105 - (34099/(-5) + -2)?
6823
Let k(w) = w**2 + 12*w + 45. Let h be k(-10). Suppose v - n = 1226, h*n - 21*n = 2*v - 2450. What are the prime factors of v?
3, 409
Let c(x) = x**3 - 11*x**2 + 26*x + 3. Let t be c(6). Let m(a) = -a**2 - 31*a + 28. What are the prime factors of m(t)?
2, 7, 17
Let l(x) = -53*x - 8. Suppose -5*a = -2*u + 40, 3*u - 1 = a + 4*u. What are the prime factors of l(a)?
2, 5, 31
Suppose -4*s + 8 = -2*f, 3*f - 21 + 0 = -5*s. Let a(z) = z**3 - z**2 + 15*z - 6. List the prime factors of a(s).
3, 19
Suppose 2*x - 7 = -b, -2*b + 6*b - 4 = 4*x. Suppose -2*t + j = -x, -t + 3*j = 2*t + 3. What are the prime factors of ((-11)/(-4))/(4/288*t)?
2, 3, 11
Suppose 7*t - 4*t = 2*a + 28, -4*t + 42 = 2*a. Let z = 323 + t. List the prime factors of z.
3, 37
Suppose 4 = 4*l - 12. Suppose 346 = r + 5*s, 4 = 4*s - l. What are the prime factors of r?
2, 3, 7
List the prime factors of (-4)/(-7)*118216 - 11.
17, 29, 137
Suppose -78*r + 2*h = -75*r - 69111, 0 = -r + 3*h + 23051. What are the prime factors of r?
31, 743
Let c be (-2)/(-1) + (2 - 6). What are the prime factors of (-1 + 1015/(-10))*c?
5, 41
What are the prime factors of ((-129)/(-86))/((-4)/(-87864))?
3, 7, 523
Suppose -55 = -5*o + 2135. Suppose o = 10*h - 2312. Suppose 90 = 5*f - h. List the prime factors of f.
73
Let i = -221 - -65. What are the prime factors of (i/(-24))/(3/150)?
5, 13
Suppose -21*u - 6739 + 42922 = 0. List the prime factors of u.
1723
List the prime factors of (-5 + (-29614)/(-6))/(2 - (-12)/(-9)).
2, 43
Suppose 3*p = 2*k - p - 1024, 2*p - 512 = -k. Let f = k - 225. List the prime factors of f.
7, 41
Let m(z) = z + 3. Let y be m(-1). Suppose 2*s + j - 65 = -2*j, 2*j = y*s - 70. Let o = s + -25. List the prime factors of o.
3
Let j(a) = -1001*a + 137. What are the prime factors of j(-4)?
41, 101
Let t(a) = -a**3 + 17*a**2 + 36*a + 34. Let y be t(19). Let b = -10 + 20. What are the prime factors of 475/b - 2/y?
2, 3
List the prime factors of (-6)/1 - ((-169140)/24 - 1/(-2)).
3, 2347
Let y(z) = 2*z**2 - 2*z - 2. Let t(g) = 1221*g**2 + 20*g + 17. Let a(x) = t(x) + 6*y(x). What are the prime factors of a(-1)?
2, 3, 5, 41
Let u(v) = 838*v**3 - 6*v**2 - v - 8. Let m(d) = 279*d**3 - 2*d**2 - 2. Let g(i) = -7*m(i) + 2*u(i). List the prime factors of g(-1).
3, 31
Let d be 2/6 - (0 - (-29013)/(-9)). Suppose 0 = -136*f + 132*f + d. What are the prime factors of f?
2, 13, 31
Let f be (13/3 - 3)/(6/(-27)). Let i(o) = o**2 - 33. Let g be i(f). List the prime factors of 217/g - (-1)/(-3).
2, 3
Suppose 0 = 142*a - 131*a - 10340. List the prime factors of a.
2, 5, 47
Let f(n) be the second derivative of -19*n**3/6 + 43*n**2 + 117*n. What are the prime factors of f(-22)?
2, 3, 7
Let f = -92 - -37. Let p = f + 57. List the prime factors of (p/(-4))/((-4)/520).
5, 13
What are the prime factors of 0 + 1 - 304/32*(-4 + -1138)?
2, 5, 7, 31
Let b = 29 - 26. Suppose -24 = -b*i - 18. Suppose -4*a + o + 361 = -60, -i*o + 198 = 2*a. List the prime factors of a.
2, 13
Suppose -12 = -5*n + n. Suppose 3*t - n = 0, 0 = -2*v - 0*v - t + 653. Let s = v + -185. List the prime factors of s.
3, 47
Let z = 37551 + -26217. List the prime factors of z.
2, 3, 1889
Let x(i) = 659*i**2 + 28*i - 44. What are the prime factors of x(2)?
2, 331
Let y = -224 - -223. Let i(q) = -517*q**3 + 4*q + 5. What are the prime factors of i(y)?
2, 7, 37
Let u(n) be the second derivative of 8*n**3/3 + 15*n**2/2 + 11*n. Let m = -91 - -97. List the prime factors of u(m).
3, 37
Suppose -93*u - u = -344785 - 222129. List the prime factors of u.
37, 163
Suppose 0 = 11*w - 6995 - 14433. List the prime factors of w.
2, 487
Suppose 22*a = -4*a + 3*a. Suppose a = -9*w - 2*w + 7051. What are the prime factors of w?
641
Let d(k) = 3*k**3 - 10*k**2 - 9*k - 57. Let m be d(-7). Let n = 2369 + m. What are the prime factors of n?
2, 107
Suppose 0 = -123*w + 790530 + 963450. What are the prime factors of w?
2, 5, 23, 31
Let t(w) = -7*w**3 - 3*w**2 - 3*w - 3. Let p be t(-2). Let b = 56 - p. Let h(z) = 3*z + 5. What are the prime factors of h(b)?
2
Suppose 338*v = 202*v + 974576. List the prime factors of v.
2, 3583
Suppose -32 = -8*z + 24. What are the prime factors of 4/z + 322930/602?
3, 179
Let d be (-32 + 34)/(2/3). Let s(x) = x**2 + 18*x - 48. List the prime factors of s(d).
3, 5
Let l(j) be the third derivative of j**5/15 - 3*j**4/4 - 4*j**3/3 - 132*j**2. What are the prime factors of l(5)?
2
List the prime factors of -1 - -1 - (2/(-12) - (-6276832)/(-192)).
2, 11, 743
Suppose 0 = -492*m + 509*m - 42636. What are the prime factors of m?
2, 3, 11, 19
Let f(z) = 3*z - 8. Let t be f(9). Let m be t*((-4 - -1) + 2/2). Let k = m + 71. List the prime factors of k.
3, 11
Let y = 196 - 130. Let z = 129 - y. What are the prime factors of 2/6 + 2562/z?
41
Suppose 3*d = -4*o - 85, 0*d + 3*d = o - 80. What are the prime factors of (-758 + 0)*(-28 - d)?
2, 379
What are the prime factors of ((-3159)/135)/((-9)/6852) - 28/(-35)?
2, 17, 131
Suppose 274*g - 541*g + 274*g = 174041. List the prime factors of g.
23, 47
Let x(o) = -o**2 - 7*o + 1. Let p(d) be the first derivative of -d**4/4 + 11*d**3/3 - d**2/2 + 5*d + 7. Let v be p(11). List the prime factors of x(v).
7
Suppose 1466*k + 1590 = 1476*k. Let a = -3 - -6. Suppose 36 - k = -a*m. List the prime factors of m.
41
Suppose 0 = -2*s + 5*s - 9. Suppose -5*i = -m + 9, -9*i + m - 7 = -5*i. List the prime factors of i/((-2)/s) + 11 + -3.
11
Let i(w) = -514*w**2 + 4*w - 14. Let u be i(-5). What are the prime factors of u/(-18) - (-4 + 272/72)?
2, 179
Let q(z) be the third derivative of -z**6/60 - 23*z**5/60 + 19*z**4/24 + 8*z**3/3 + 133*z**2. List the prime factors of q(-14).
2, 5, 73
What are the prime factors of 8 + (807/12)/(30/2280)?
5119
Let j be (-1)/((-2)/(-1))*(4 + 156). Let r = -81 - j. List the prime factors of ((-6)/1)/(r + (-213)/(-222)).
2, 37
Let m(w) = 10*w**2 - 2*w**3 + 59*w + 3*w**3 + 27 - 69*w + w**2. Let x be m(-12). Suppose -244 = o - x*o - 3*u, -2*u - 4 = 0. List the prime factors of o.
5
Let p(f) = -6*f - 21. Let c be p(-4). Let l be 3 + 30 + 1 + c + -1. What are the prime factors of (1/2)/(109/l - 3)?
2, 3
Let y = -504 + 903. List the prime factors of 31/(-7*(-3)/y).
19, 31
Let a(k) = -14*k - 199. Let v be a(-16). Let l be (-74)/(-1) + 1/(-1). Let z = l - v. List the prime factors of z.
2, 3
Let k be 8 + (2 - 3/(2 + 1)). Suppose 4*q - k = 7. What are the prime factors of (-102)/q*32/(-24) - 2?
2
Let r(m) = 30*m**2 - 80*m - 10. What are the prime factors of r(18)?
2, 5, 827
Suppose 2*l - 1558 = 2*o, 0 = 3*o - 0*l - 4*l + 2333. What are the prime factors of (o/6)/((-19)/76)?
2, 3, 29
Let s(y) = -y**2 - 41*y + 69. Let b be s(-27). List the prime factors of (3 - b)*16/(-64).
3, 37
Suppose 28*u - 34*u + 27345 = 3*m, -u = -m + 9103. What are the prime factors of m?
7, 1301
Suppose -813 = -12*a + 2271. Let c = 738 - a. What are the prime factors of c?
13, 37
Let o = 5354 - 3709. Suppose -11*n = -6*n - o. What are the prime factors of n?
7, 47
Let d = 11973 - 5695. Suppose -3*m - r + d = 0, -2*m - m - 5*r + 6298 = 0. Suppose 536 = -5*h + m. List the prime factors of h.
311
Let g = -96 + 101. Suppose -4*p + 393 = 2*o - 527, 0 = g*o. List the prime factors of p.
2, 5, 23
Let s(f) = 433*f**2 - 306*f + 1227. List the prime factors of s(4).
29, 239
Let u(w) = -15*w - 14 - w**3 + 8 - 8*w**2 + 1. Let m be u(-6). Suppose 19*g - m*g = 822. List the prime factors of g.
137
Suppose -2*v - 5*d = 6, v + 10 = 2*d - d. Let b(f) = -9*f**2 + 33*f**3 - 18 - 7*f + 2*f - 34*f**3 + f**2. List the prime factors of b(v).
2, 11
Sup